when 18 is divided by p.
0
Suppose -k + 5*x + 22 = 2*k, 2*k - 16 = 2*x. Calculate the remainder when (-3)/(-2*(-1)/(-46)) is divided by k.
6
Suppose 2*j = 5*y - 679, 4*y + 3*j - 545 = 4*j. Calculate the remainder when y is divided by 31.
13
Let y = -522 - -777. Calculate the remainder when y is divided by 65.
60
Let r(x) be the first derivative of x**3/3 + 9*x**2 + 16*x - 14. Let w = -34 - -102. What is the remainder when w is divided by r(-19)?
33
Let a be 2/2 + (-64)/4. Let s be 2/(-4) - a/30. Suppose -5*f - 3*y + 97 = -s*y, 42 = 2*f + 2*y. Calculate the remainder when f is divided by 5.
2
Let s(w) = w**2 - 9*w - 9. Let a be s(7). Let h(o) = 7*o + 12. Calculate the remainder when h(5) is divided by (a - -5)*4/(-6).
11
Let r = -105 + 194. Suppose r = 5*o - 116. What is the remainder when 79 is divided by o?
38
Let d = 311 + -102. What is the remainder when d is divided by 42?
41
Let t be 1/4 + (-75)/(-20). Suppose t*o = 9*o - 120. What is the remainder when 44 is divided by o?
20
Let l(w) = -w + 1. Let d be l(-1). Let z(r) = -2*r + r - 3*r + 8*r. What is the remainder when 15 is divided by z(d)?
7
Let q = -7 - -23. Let s = -55 + 29. Let c = -16 - s. What is the remainder when q is divided by c?
6
What is the remainder when 1286 is divided by 34 - (5 + -3 - 3)/(-1)?
32
Let n(i) = i + 12. Let l be n(6). Let g = 2 + l. Suppose 14*q - 9*q = g. Calculate the remainder when 11 is divided by q.
3
Let d be (4 - (-20)/(-8))*(14 - 18). Let b(q) be the first derivative of -q**4/4 - 2*q**3 + 11*q + 1. What is the remainder when 30 is divided by b(d)?
8
Let b = 217 - 203. Calculate the remainder when 181 is divided by b.
13
Let n = 44 - 29. Suppose -13*b - 6 = -10*b. What is the remainder when n is divided by (-1)/(b/8) + 2?
3
Let l(z) = -8*z + 80. Calculate the remainder when l(-22) is divided by 7.
4
Let b(f) = -f**3 + 14*f**2 + 2*f + 3. Suppose 2*l = -3*r + 50, 3*r - 6*r - l = -46. What is the remainder when 71 is divided by b(r)?
9
Let d(g) = -g**2 + 33*g - 9. What is the remainder when d(32) is divided by 16?
7
Let k = -645 - -675. Calculate the remainder when 145 is divided by k.
25
Suppose 34*o - 35*o + 14 = 0. Calculate the remainder when 96 is divided by o.
12
Let n = 308 - 305. Let s = -6 + 5. Calculate the remainder when s/(-1)*(12 - 1) is divided by n.
2
Let n = -16 - -19. Suppose -n*k - 2*k + 10 = 0. Suppose 0 = -4*j - 3*s + 128, -7*s + 74 = k*j - 3*s. Calculate the remainder when j is divided by 10.
9
Let f(x) = 3860 - x**3 + 6*x**2 - 3851 + 7*x + 2*x**3. Calculate the remainder when f(-4) is divided by 1*7 - (-3 - -2).
5
Let a be 24 + (-3 - (-4 - -2)). Suppose 190 = 4*w - 2*v, 161 + a = 4*w - 4*v. What is the remainder when w is divided by (-10 - -9)*4/1*17/(-4)?
15
Suppose -3*w - 297 = -12*w. Suppose 81 + w = 3*h + 5*b, -4*b = 0. What is the remainder when 112 is divided by h?
36
Let b be (-8)/3*27/(-6). Let n(o) = -o**2 + 15*o - 22. What is the remainder when n(b) is divided by 1 - 1 - (1 + -5)?
2
Let g = -2097 - -2113. Calculate the remainder when 76 is divided by g.
12
Let x(q) = -3*q + 5. Let z(s) = -2*s + 3. Let p(b) = -5*x(b) + 7*z(b). What is the remainder when 34 is divided by p(9)?
4
Calculate the remainder when 26 is divided by (-780)/(-190) + 10/(-95).
2
Calculate the remainder when (-4 + 236)/8 - 1 is divided by 16.
12
Let d(h) = 3*h**3 + 4*h**2 + 2*h - 2. Calculate the remainder when d(3) is divided by 18.
13
Let m be 2/(-3) - (-170)/30. Suppose -2*h = -m*h - p + 15, 4*h + p - 20 = 0. What is the remainder when 7 is divided by h?
2
Let i be (-2*(-2 - -4))/(-1). Suppose 5*s + g = i*g + 6, g - 3 = 0. Let d = -9 + 20. Calculate the remainder when d is divided by s.
2
Let t(h) = h**3 - 4*h**2 + 2*h + 5. Let z be t(3). What is the remainder when 81 is divided by (-4 - -5)*z*14?
25
Let z = -6 + 5. Let p be 1*z/(0 + 1). What is the remainder when (p/3)/((-2)/582) is divided by 25?
22
Suppose 2*o = 2, 0 = -3*i + 3*o + 65 + 121. What is the remainder when i is divided by 13?
11
Suppose 9*k - 22*k + 104 = 0. Let v = 29 - 20. What is the remainder when (2*(-4)/k)/((-4)/100) is divided by v?
7
Suppose 2*r - 61 = -r + 2*c, -c - 2 = 0. Calculate the remainder when 4*-9*(-1 + 0) is divided by r.
17
Suppose -26*x = -27*x + 8. Suppose -z = z + x, 0 = 3*a - 5*z - 224. Calculate the remainder when a is divided by 25.
18
Let c(q) = q**2 + 5*q + 10. What is the remainder when 95 is divided by c(-8)?
27
Suppose 0 = 11*m - 129 + 30. What is the remainder when 23 is divided by m?
5
Let g be (-7)/(-42)*6 + 0 + 58. Suppose r = -12 + g. Calculate the remainder when 185 is divided by r.
44
Suppose -k + 2*q + 303 = 0, -2*k + 0*q = q - 606. What is the remainder when k is divided by 16?
15
Suppose -928 + 196 = -3*z. What is the remainder when z is divided by 46?
14
Suppose 0 = -5*u + 5*a - 3*a + 29, 44 = 5*u + 3*a. Suppose u*z - 142 = 600. Calculate the remainder when z is divided by 27.
25
Let w(m) be the first derivative of 13*m**2/2 - 16*m + 13. Calculate the remainder when w(10) is divided by 39.
36
Suppose -4*d + 124 = -3*x - 953, -6*x + 576 = 2*d. What is the remainder when d is divided by 95?
83
Let z(k) = -k**2 - 6*k - 1. Suppose 998*j + 117 = 1007*j. Calculate the remainder when j is divided by z(-3).
5
What is the remainder when 4*(-35)/(-28) - -52 is divided by 29?
28
Let r = -86 + 194. What is the remainder when r is divided by 14?
10
Calculate the remainder when 26 is divided by 56/(-6)*((-250)/(-35) - 8).
2
Let c(o) = o**3 + 12*o**2 - 13*o + 1. Let d = -4 - 9. Let a be c(d). Calculate the remainder when 33 is divided by (-7)/a*-3 + -3.
15
Let m = 6 - 9. Let d be 3 + 3 + 0 + m. Suppose -d*h + 79 = -2. What is the remainder when h is divided by 10?
7
Let l(m) be the second derivative of -m**5/20 + 3*m**4/4 + m**3 - 5*m**2 - 8*m. Calculate the remainder when l(9) is divided by 12.
8
Suppose 188 = 4*z + 3*c, 188 = 4*z - 6*c + 4*c. Calculate the remainder when z is divided by 12.
11
Let q be 2 - (-2 - -3) - -2. Suppose -2*l = 2*o - q*l - 88, -3*o + 2*l = -131. Calculate the remainder when 28 is divided by (10/6)/(5/o).
13
Let c(p) = -15*p + 2. Let z be c(-1). Let o(b) = b**3 - 17*b**2 + 3*b - 12. Calculate the remainder when o(z) is divided by 7.
4
Suppose 0 = 8*d - 623 + 175. What is the remainder when 278 is divided by d?
54
Let q(f) = f**2 + 6*f - 3. Let z be q(-7). Suppose -3*i - 14 = -z*i. Suppose 2*n + 2*n - 108 = 0. What is the remainder when n is divided by i?
13
Let r = -11 - -15. Let q = -4 + 24. Suppose 8 + q = r*s. What is the remainder when 13 is divided by s?
6
Let x be (24/18)/((-2)/(-6)). Suppose -3*q - x*p - 23 + 285 = 0, 2*q - 4*p = 208. Let r = -53 + q. What is the remainder when r is divided by 15?
11
Suppose 3*o - 52 = o + 3*g, 0 = -4*g. Let z = 14 + -8. Let y(j) = j**2 - 6*j + 14. Calculate the remainder when o is divided by y(z).
12
Let t be (6 - 7)/(1/18). Let g be 1/(21/t + 1). Let r(m) = m**3 + 8*m**2 + 3*m - 7. Calculate the remainder when r(g) is divided by 12.
11
Let n(l) = l**2 + 9*l - 10. What is the remainder when 85 is divided by n(-12)?
7
Let p(w) = 4*w**3 - 2*w - w**3 + 8*w**2 - 4*w**3 - 4. Let b(j) = -j**3 + 8*j**2 + 11*j - 12. Let n be b(9). Calculate the remainder when p(n) is divided by 15.
11
Let x(z) = z**3 + 12*z**2 - z + 16. What is the remainder when 277 is divided by x(-12)?
25
Let x(q) = q**3 - 23*q**2 - 24*q + 32. What is the remainder when 169 is divided by x(24)?
9
Suppose -36 = 5*v - 7*v. Suppose -3 - 9 = 3*w, -v = 2*r + w. What is the remainder when 825/35 + 4/r is divided by 12?
11
Suppose -2*c + c = -31. Suppose 4*n - 127 + c = 0. Let x = -47 + 54. Calculate the remainder when n is divided by x.
3
Suppose 23 - 7 = 4*l. Let c = -40 + 45. Suppose 0 = -c*f + 15 + 10. Calculate the remainder when f is divided by l.
1
Suppose -4 = 4*s - 0*s, 87 = 2*f + s. Let i = 20 + -11. What is the remainder when f is divided by i?
8
Suppose 14*w = 11*w + 816. Suppose 4*f + 4*f - w = 0. Calculate the remainder when f is divided by 21.
13
What is the remainder when 505 is divided by (-4)/10 + (5 - 310/(-25))?
12
Suppose -2*u - 90 = -3*u. Let a = -156 - -169. Calculate the remainder when u is divided by a.
12
Let c = -204 - -100. Let b = 195 + c. What is the remainder when b is divided by 25?
16
Let s be (-4 + 